{"id":1361,"date":"2016-07-21T10:50:45","date_gmt":"2016-07-21T13:50:45","guid":{"rendered":"http:\/\/sites.unicentro.br\/fuca\/?page_id=1361"},"modified":"2017-07-25T11:48:27","modified_gmt":"2017-07-25T14:48:27","slug":"edicao-2015","status":"publish","type":"page","link":"https:\/\/sites.unicentro.br\/fuca\/edicoes\/edicao-2015\/","title":{"rendered":"Edi\u00e7\u00e3o 2015"},"content":{"rendered":"<div class=\"wpb-content-wrapper\"><p>[vc_row][vc_column width=&#8221;1\/2&#8243;][vc_single_image image=&#8221;1362&#8243; img_size=&#8221;full&#8221; alignment=&#8221;center&#8221;][\/vc_column][vc_column width=&#8221;1\/2&#8243;][vc_column_text]<em>Composi\u00e7\u00e3o<\/em><br \/>\n1\u00b0 LUGAR \u2013 RENAN MARTINS (Mais al\u00e9m)<br \/>\n2\u00b0 LUGAR \u2013 GUILHERME DAMIGO (Instinto)<br \/>\n3\u00b0 LUGAR \u2013 FABIO PONTAROLO (Rei de Copas)<br \/>\n4\u00b0 LUGAR \u2013 JO KLANOVICZ (Ao meu lugar)<br \/>\n5\u00b0 LUGAR \u2013 ELDER LENA (Confusa amizade)Voto Plateia &#8211; ENRIQUE ERNESTO R\u00c1EZ (Te ten\u00eda entre mis brazos)<\/p>\n<p>&nbsp;<\/p>\n<p><iframe loading=\"lazy\" src=\"https:\/\/www.youtube.com\/embed\/PdoaSrZrwcM\" width=\"360\" height=\"228\" data-mce-fragment=\"1\"><\/iframe><\/p>\n<p><em>Interpreta\u00e7\u00e3o<\/em><br \/>\n1\u00b0 LUGAR \u2013 LET\u00cdCIA CARVALHO SILVA (Feeling Good)<br \/>\n2\u00b0 LUGAR \u2013 THIAGO JURASKI (Mercedita)<br \/>\n3\u00b0 LUGAR \u2013 GABRIEL DE OLIVEIRA PADILHA (Voc\u00ea me ensinou a te esquecer)<br \/>\n4\u00b0 LUGAR \u2013 JACQUELINE DE LIMA (Sangrando)<br \/>\n5\u00b0 LUGAR \u2013 BRUNA THIM\u00d3TEO FREITAS (Feeling Good)<\/p>\n<p>Voto Plateia &#8211; KRYSSIA KOSMOS E FELIPE (Nada al\u00e9m de ti)<\/p>\n<p>&nbsp;<\/p>\n<p><iframe loading=\"lazy\" src=\"https:\/\/www.youtube.com\/embed\/jHPhuiXSFiw\" width=\"360\" height=\"228\" data-mce-fragment=\"1\"><\/iframe>[\/vc_column_text][\/vc_column][\/vc_row]<\/p>\n<\/div>","protected":false},"excerpt":{"rendered":"<p>[vc_row][vc_column width=&#8221;1\/2&#8243;][vc_single_image image=&#8221;1362&#8243; img_size=&#8221;full&#8221; alignment=&#8221;center&#8221;][\/vc_column][vc_column width=&#8221;1\/2&#8243;][vc_column_text]Composi\u00e7\u00e3o 1\u00b0 LUGAR \u2013 RENAN MARTINS (Mais al\u00e9m) 2\u00b0 LUGAR \u2013 GUILHERME DAMIGO (Instinto) 3\u00b0 LUGAR \u2013 FABIO PONTAROLO (Rei de Copas) 4\u00b0 LUGAR \u2013 JO KLANOVICZ (Ao meu lugar) 5\u00b0 LUGAR \u2013 ELDER LENA (Confusa amizade)Voto Plateia &#8211; ENRIQUE ERNESTO R\u00c1EZ (Te ten\u00eda entre mis brazos) &nbsp; Interpreta\u00e7\u00e3o 1\u00b0 [&hellip;]<\/p>\n","protected":false},"author":1,"featured_media":0,"parent":2763,"menu_order":0,"comment_status":"closed","ping_status":"closed","template":"","meta":{"_uf_show_specific_survey":0,"_uf_disable_surveys":false,"footnotes":"","_links_to":"","_links_to_target":""},"class_list":["post-1361","page","type-page","status-publish","hentry"],"_links":{"self":[{"href":"https:\/\/sites.unicentro.br\/fuca\/wp-json\/wp\/v2\/pages\/1361","targetHints":{"allow":["GET"]}}],"collection":[{"href":"https:\/\/sites.unicentro.br\/fuca\/wp-json\/wp\/v2\/pages"}],"about":[{"href":"https:\/\/sites.unicentro.br\/fuca\/wp-json\/wp\/v2\/types\/page"}],"author":[{"embeddable":true,"href":"https:\/\/sites.unicentro.br\/fuca\/wp-json\/wp\/v2\/users\/1"}],"replies":[{"embeddable":true,"href":"https:\/\/sites.unicentro.br\/fuca\/wp-json\/wp\/v2\/comments?post=1361"}],"version-history":[{"count":4,"href":"https:\/\/sites.unicentro.br\/fuca\/wp-json\/wp\/v2\/pages\/1361\/revisions"}],"predecessor-version":[{"id":1364,"href":"https:\/\/sites.unicentro.br\/fuca\/wp-json\/wp\/v2\/pages\/1361\/revisions\/1364"}],"up":[{"embeddable":true,"href":"https:\/\/sites.unicentro.br\/fuca\/wp-json\/wp\/v2\/pages\/2763"}],"wp:attachment":[{"href":"https:\/\/sites.unicentro.br\/fuca\/wp-json\/wp\/v2\/media?parent=1361"}],"curies":[{"name":"wp","href":"https:\/\/api.w.org\/{rel}","templated":true}]}}