{"id":137,"date":"2015-07-07T10:51:50","date_gmt":"2015-07-07T13:51:50","guid":{"rendered":"http:\/\/sites.unicentro.br\/fuca\/?page_id=137"},"modified":"2017-07-26T15:12:46","modified_gmt":"2017-07-26T18:12:46","slug":"edicao-2014","status":"publish","type":"page","link":"https:\/\/sites.unicentro.br\/fuca\/edicoes\/edicao-2014\/","title":{"rendered":"Edi\u00e7\u00e3o 2014"},"content":{"rendered":"<div class=\"wpb-content-wrapper\"><p>[vc_row][vc_column width=&#8221;1\/2&#8243;][vc_single_image image=&#8221;127&#8243; img_size=&#8221;full&#8221; alignment=&#8221;center&#8221;][\/vc_column][vc_column width=&#8221;1\/2&#8243;][vc_column_text]<em>Composi\u00e7\u00e3o<\/em><br \/>\n1\u00ba Lugar: CARLOS MAGNO DE SOUSA VIDAL<br \/>\n2\u00ba Lugar: VITOR MARTIM<br \/>\n3\u00ba Lugar: ENRIQUE ERNESTO RAEZ MARTINEZ<br \/>\n4\u00ba Lugar: RENAN MARTINS<br \/>\n5\u00ba Lugar: ROG\u00c9RIO TAIOK<\/p>\n<p><iframe loading=\"lazy\" src=\"\/\/www.youtube.com\/embed\/pAI6SRNACxw\" width=\"360\" height=\"228\" data-mce-fragment=\"1\"><\/iframe><\/p>\n<p>&nbsp;<\/p>\n<p><em>Interpreta\u00e7\u00e3o<\/em><br \/>\n1\u00ba Lugar: ALEX MAUR\u00cdCIO DE LIMA<br \/>\n2\u00ba Lugar: JACQUELINE DE LIMA<br \/>\n3\u00ba Lugar: CAROL GERALDIS<br \/>\n4\u00ba Lugar: JEFFERSON PORCIUNCULA PEREIRA<br \/>\n5\u00ba Lugar: KRYSSIA KOSMOS[\/vc_column_text][\/vc_column][\/vc_row]<\/p>\n<\/div>","protected":false},"excerpt":{"rendered":"<p>[vc_row][vc_column width=&#8221;1\/2&#8243;][vc_single_image image=&#8221;127&#8243; img_size=&#8221;full&#8221; alignment=&#8221;center&#8221;][\/vc_column][vc_column width=&#8221;1\/2&#8243;][vc_column_text]Composi\u00e7\u00e3o 1\u00ba Lugar: CARLOS MAGNO DE SOUSA VIDAL 2\u00ba Lugar: VITOR MARTIM 3\u00ba Lugar: ENRIQUE ERNESTO RAEZ MARTINEZ 4\u00ba Lugar: RENAN MARTINS 5\u00ba Lugar: ROG\u00c9RIO TAIOK &nbsp; Interpreta\u00e7\u00e3o 1\u00ba Lugar: ALEX MAUR\u00cdCIO DE LIMA 2\u00ba Lugar: JACQUELINE DE LIMA 3\u00ba Lugar: CAROL GERALDIS 4\u00ba Lugar: JEFFERSON PORCIUNCULA PEREIRA 5\u00ba Lugar: [&hellip;]<\/p>\n","protected":false},"author":1,"featured_media":0,"parent":2763,"menu_order":0,"comment_status":"closed","ping_status":"closed","template":"","meta":{"_uf_show_specific_survey":0,"_uf_disable_surveys":false,"footnotes":"","_links_to":"","_links_to_target":""},"class_list":["post-137","page","type-page","status-publish","hentry"],"_links":{"self":[{"href":"https:\/\/sites.unicentro.br\/fuca\/wp-json\/wp\/v2\/pages\/137","targetHints":{"allow":["GET"]}}],"collection":[{"href":"https:\/\/sites.unicentro.br\/fuca\/wp-json\/wp\/v2\/pages"}],"about":[{"href":"https:\/\/sites.unicentro.br\/fuca\/wp-json\/wp\/v2\/types\/page"}],"author":[{"embeddable":true,"href":"https:\/\/sites.unicentro.br\/fuca\/wp-json\/wp\/v2\/users\/1"}],"replies":[{"embeddable":true,"href":"https:\/\/sites.unicentro.br\/fuca\/wp-json\/wp\/v2\/comments?post=137"}],"version-history":[{"count":4,"href":"https:\/\/sites.unicentro.br\/fuca\/wp-json\/wp\/v2\/pages\/137\/revisions"}],"predecessor-version":[{"id":2777,"href":"https:\/\/sites.unicentro.br\/fuca\/wp-json\/wp\/v2\/pages\/137\/revisions\/2777"}],"up":[{"embeddable":true,"href":"https:\/\/sites.unicentro.br\/fuca\/wp-json\/wp\/v2\/pages\/2763"}],"wp:attachment":[{"href":"https:\/\/sites.unicentro.br\/fuca\/wp-json\/wp\/v2\/media?parent=137"}],"curies":[{"name":"wp","href":"https:\/\/api.w.org\/{rel}","templated":true}]}}