{"id":24,"date":"2015-04-17T00:00:00","date_gmt":"2015-04-17T03:00:00","guid":{"rendered":"https:\/\/sites.unicentro.br\/professores\/pedrogonzalez\/pesquisa\/laboratorios\/fotoacustica\/efeito\/"},"modified":"2015-04-17T00:00:00","modified_gmt":"2015-04-17T03:00:00","slug":"efeito","status":"publish","type":"page","link":"https:\/\/sites.unicentro.br\/professores\/pedrogonzalez\/pesquisa\/laboratorios\/fotoacustica\/efeito\/","title":{"rendered":"Efeito"},"content":{"rendered":"<p style=\"padding-left: 180px\"><span style=\"font-size: x-large;color: #3366ff;font-family: 'comic sans ms', sans-serif\"><strong>Fotoac\u00fastica<\/strong><\/span><\/p>\n<p><span style=\"color: #00ccff;font-size: large;font-family: 'comic sans ms', sans-serif\"><strong>Efeito Fotoac\u00fastico<\/strong><\/span><\/p>\n<p style=\"text-align: justify\"><span style=\"font-size: medium;font-family: 'comic sans ms', sans-serif\">A espectroscopia fotot\u00e9rmica (<strong>PTS<\/strong>&#8211;<strong><em>P<\/em><\/strong><em>hoto<strong>t<\/strong>hermal <strong>S<\/strong>pectroscopy<\/em>) inclui um grupo de m\u00e9todos altamente sens\u00edveis, utilizados para medir absor\u00e7\u00e3o \u00f3ptica e propriedades t\u00e9rmicas de uma amostra. A base da PTS \u00e9 uma varia\u00e7\u00e3o no estado t\u00e9rmico (<em>thermal<\/em>) da amostra, induzido por f\u00f3tons (<em>photons<\/em>). Energia luminosa absorvida e n\u00e3o perdida por meio de transi\u00e7\u00f5es radiativa resulta num aquecimento da amostra. Este aquecimento provoca uma varia\u00e7\u00e3o na temperatura assim como mudan\u00e7as nos par\u00e2metros termodin\u00e2micos da amostra que est\u00e3o relacionados \u00e0 temperatura. Medidas de varia\u00e7\u00f5es da temperatura, press\u00e3o ou densidade que acontecem devido \u00e0 absor\u00e7\u00e3o \u00f3ptica s\u00e3o em \u00faltima inst\u00e2ncia a base para os m\u00e9todos espectrosc\u00f3pico fotot\u00e9rmicos.<\/span><\/p>\n<p style=\"text-align: justify\"><span style=\"font-size: medium;font-family: 'comic sans ms', sans-serif\">Fotoac\u00fastica \u00e9 a produ\u00e7\u00e3o de ondas ac\u00fasticas pela absor\u00e7\u00e3o de luz. A Espectroscopia Fotoac\u00fastica (<strong>PAS<\/strong>&#8211; <strong><em>P<\/em><\/strong><em>hoto<strong>a<\/strong>coustic <strong>S<\/strong>pectroscopy<\/em>) \u00e9 a espectroscopia que utiliza luz ou outra energia para \u201cphoto\u201d e som para \u201cacoustic\u201d. A PAS transforma a energia \u00f3ptica em mec\u00e2nica durante a excita\u00e7\u00e3o. Quando processos de desexcita\u00e7\u00e3o n\u00e3o radiativos acontecem, eles produzem energia cin\u00e9tica ou calor. Isto resulta num aquecimento local e desta forma numa onda de press\u00e3o ou som (vide figura).<\/span><\/p>\n<p><a href=\"http:\/\/sites.unicentro.br\/wp\/pedrogonzalez\/files\/2011\/09\/Fig.1.png\"><img loading=\"lazy\" decoding=\"async\" class=\"size-medium wp-image-177 aligncenter\" src=\"http:\/\/sites.unicentro.br\/wp\/pedrogonzalez\/files\/2011\/09\/Fig.1-272x300.png\" alt=\"\" width=\"272\" height=\"300\" \/><\/a><\/p>\n<p style=\"text-align: justify\"><span style=\"font-size: medium;font-family: 'comic sans ms', sans-serif\">A t\u00e9cnica \u00e9 baseada no efeito de mesmo nome, descoberto por Alexander Graham Bell em 1880. Este efeito foi considerado apenas como uma curiosidade durante quase um s\u00e9culo. A partir do in\u00edcio da d\u00e9cada de 1970 esta t\u00e9cnica ganhou um grande impulso, sendo hoje considerada como uma das principais t\u00e9cnicas de an\u00e1lise e caracteriza\u00e7\u00e3o de materiais.<\/span><\/p>\n","protected":false},"excerpt":{"rendered":"<p>Fotoac\u00fastica Efeito Fotoac\u00fastico A espectroscopia fotot\u00e9rmica (PTS&#8211;Photothermal Spectroscopy) inclui um grupo de m\u00e9todos altamente sens\u00edveis, utilizados para medir absor\u00e7\u00e3o \u00f3ptica e propriedades t\u00e9rmicas de uma amostra. A base da PTS \u00e9 uma varia\u00e7\u00e3o no estado t\u00e9rmico (thermal) da amostra, induzido por f\u00f3tons (photons). Energia luminosa absorvida e n\u00e3o perdida por meio de transi\u00e7\u00f5es radiativa resulta [&hellip;]<\/p>\n","protected":false},"author":3,"featured_media":0,"parent":23,"menu_order":0,"comment_status":"closed","ping_status":"open","template":"","meta":{"_monsterinsights_skip_tracking":false,"_monsterinsights_sitenote_active":false,"_monsterinsights_sitenote_note":"","_monsterinsights_sitenote_category":0,"footnotes":""},"class_list":["post-24","page","type-page","status-publish","hentry"],"_links":{"self":[{"href":"https:\/\/sites.unicentro.br\/professores\/pedrogonzalez\/wp-json\/wp\/v2\/pages\/24","targetHints":{"allow":["GET"]}}],"collection":[{"href":"https:\/\/sites.unicentro.br\/professores\/pedrogonzalez\/wp-json\/wp\/v2\/pages"}],"about":[{"href":"https:\/\/sites.unicentro.br\/professores\/pedrogonzalez\/wp-json\/wp\/v2\/types\/page"}],"author":[{"embeddable":true,"href":"https:\/\/sites.unicentro.br\/professores\/pedrogonzalez\/wp-json\/wp\/v2\/users\/3"}],"replies":[{"embeddable":true,"href":"https:\/\/sites.unicentro.br\/professores\/pedrogonzalez\/wp-json\/wp\/v2\/comments?post=24"}],"version-history":[{"count":0,"href":"https:\/\/sites.unicentro.br\/professores\/pedrogonzalez\/wp-json\/wp\/v2\/pages\/24\/revisions"}],"up":[{"embeddable":true,"href":"https:\/\/sites.unicentro.br\/professores\/pedrogonzalez\/wp-json\/wp\/v2\/pages\/23"}],"wp:attachment":[{"href":"https:\/\/sites.unicentro.br\/professores\/pedrogonzalez\/wp-json\/wp\/v2\/media?parent=24"}],"curies":[{"name":"wp","href":"https:\/\/api.w.org\/{rel}","templated":true}]}}

<p style="padding-left: 180px"><span style="font-size: x-large;color: #3366ff;font-family: 'comic sans ms', sans-serif"><strong>Fotoacústica</strong></span></p>
<p><span style="color: #00ccff;font-size: large;font-family: 'comic sans ms', sans-serif"><strong>Efeito Fotoacústico</strong></span></p>
<p style="text-align: justify"><span style="font-size: medium;font-family: 'comic sans ms', sans-serif">A espectroscopia fototérmica (<strong>PTS</strong>&#8211;<strong><em>P</em></strong><em>hoto<strong>t</strong>hermal <strong>S</strong>pectroscopy</em>) inclui um grupo de métodos altamente sensíveis, utilizados para medir absorção óptica e propriedades térmicas de uma amostra. A base da PTS é uma variação no estado térmico (<em>thermal</em>) da amostra, induzido por fótons (<em>photons</em>). Energia luminosa absorvida e não perdida por meio de transições radiativa resulta num aquecimento da amostra. Este aquecimento provoca uma variação na temperatura assim como mudanças nos parâmetros termodinâmicos da amostra que estão relacionados à temperatura. Medidas de variações da temperatura, pressão ou densidade que acontecem devido à absorção óptica são em última instância a base para os métodos espectroscópico fototérmicos.</span></p>
<p style="text-align: justify"><span style="font-size: medium;font-family: 'comic sans ms', sans-serif">Fotoacústica é a produção de ondas acústicas pela absorção de luz. A Espectroscopia Fotoacústica (<strong>PAS</strong>&#8211; <strong><em>P</em></strong><em>hoto<strong>a</strong>coustic <strong>S</strong>pectroscopy</em>) é a espectroscopia que utiliza luz ou outra energia para “photo” e som para “acoustic”. A PAS transforma a energia óptica em mecânica durante a excitação. Quando processos de desexcitação não radiativos acontecem, eles produzem energia cinética ou calor. Isto resulta num aquecimento local e desta forma numa onda de pressão ou som (vide figura).</span></p>
<p><a href="http://sites.unicentro.br/wp/pedrogonzalez/files/2011/09/Fig.1.png"><img loading="lazy" decoding="async" class="size-medium wp-image-177 aligncenter" src="http://sites.unicentro.br/wp/pedrogonzalez/files/2011/09/Fig.1-272x300.png" alt="" width="272" height="300" /></a></p>
<p style="text-align: justify"><span style="font-size: medium;font-family: 'comic sans ms', sans-serif">A técnica é baseada no efeito de mesmo nome, descoberto por Alexander Graham Bell em 1880. Este efeito foi considerado apenas como uma curiosidade durante quase um século. A partir do início da década de 1970 esta técnica ganhou um grande impulso, sendo hoje considerada como uma das principais técnicas de análise e caracterização de materiais.</span></p>

<p>Fotoacústica Efeito Fotoacústico A espectroscopia fototérmica (PTS&#8211;Photothermal Spectroscopy) inclui um grupo de métodos altamente sensíveis, utilizados para medir absorção óptica e propriedades térmicas de uma amostra. A base da PTS é uma variação no estado térmico (thermal) da amostra, induzido por fótons (photons). Energia luminosa absorvida e não perdida por meio de transições radiativa resulta [&hellip;]</p>
