{"id":69,"date":"2020-04-26T00:00:00","date_gmt":"2020-04-26T03:00:00","guid":{"rendered":"https:\/\/sites.unicentro.br\/professores\/pedrogonzalez\/orientacoes\/mestrado\/"},"modified":"2020-04-26T10:22:42","modified_gmt":"2020-04-26T13:22:42","slug":"mestrado","status":"publish","type":"page","link":"https:\/\/sites.unicentro.br\/professores\/pedrogonzalez\/orientacoes\/mestrado\/","title":{"rendered":"Mestrado"},"content":{"rendered":"<p><span style=\"font-family: tahoma, arial, helvetica, sans-serif;font-size: 12pt\"><strong>nome: Catharine Stimer<\/strong><\/span><\/p>\n<p><span style=\"font-family: tahoma, arial, helvetica, sans-serif;font-size: 12pt\">T\u00edtulo: &#8220;S\u00edntese e Caracteriza\u00e7\u00e3o de \u00f3xido de Ferro e Bismuto e Titanato de Chumbo dopado com \u00edons de La<sup>3+<\/sup>&#8220;<\/span><\/p>\n<p><span style=\"font-family: tahoma, arial, helvetica, sans-serif;font-size: 12pt\">ano: 2018<\/span><\/p>\n<p><span style=\"font-family: tahoma, arial, helvetica, sans-serif;font-size: 12pt\"><strong>nome:\u00a0Ezequiel Jos\u00e9 Novacoski<\/strong><\/span><\/p>\n<p><span style=\"font-family: tahoma, arial, helvetica, sans-serif;font-size: 12pt\">T\u00edtulo: &#8220;Avalia\u00e7\u00e3o de solos da regi\u00e3o centro-oeste do Paran\u00e1\/Brasil: um estudo espectrosc\u00f3pico e multivariado&#8221;<\/span><\/p>\n<p><span style=\"font-family: tahoma, arial, helvetica, sans-serif;font-size: 12pt\">ano: 2016<\/span><\/p>\n<p><span style=\"font-family: tahoma, arial, helvetica, sans-serif;font-size: 12pt\"><strong>nome:\u00a0Rafael Feliczak<\/strong><\/span><\/p>\n<p><span style=\"font-family: tahoma, arial, helvetica, sans-serif;font-size: 12pt\">T\u00edtulo: &#8220;Propriedades din\u00e2micas do g\u00e1s de Lorentz peri\u00f3dico: Coeficientes de difus\u00e3o e viscosidade&#8221;<\/span><\/p>\n<p><span style=\"font-family: tahoma, arial, helvetica, sans-serif;font-size: 12pt\">ano: 2016<\/span><\/p>\n<p><span style=\"font-size: 12pt\"><strong>nome:\u00a0Ellen Bernardi<\/strong><\/span><\/p>\n<p><span style=\"font-size: 12pt\">T\u00edtulo: &#8220;Prepara\u00e7\u00e3o e Caracteriza\u00e7\u00e3o de P\u00f3s e Filmes de PbTiO3 obtidos pelo M\u00e9todo Pechini&#8221;<\/span><\/p>\n<p><span style=\"font-size: 12pt\">ano: 2012<\/span><\/p>\n<p><span style=\"font-family: tahoma, arial, helvetica, sans-serif;font-size: 12pt\"><strong>nome:\u00a0Claudinei Cerconi<\/strong><\/span><\/p>\n<p><span style=\"font-family: tahoma, arial, helvetica, sans-serif;font-size: 12pt\">T\u00edtulo: &#8220;Caracteriza\u00e7\u00e3o T\u00e9rmica e Estrutural de P\u00f3s e Filmes Finos de BaTiO3 Sintetizados via M\u00e9todo Pechini&#8221;<\/span><\/p>\n<p><span style=\"font-family: tahoma, arial, helvetica, sans-serif;font-size: 12pt\">ano: 2012<\/span><\/p>\n<p><span style=\"font-size: 12pt;font-family: tahoma, arial, helvetica, sans-serif\"><strong>nome:\u00a0Micheli Fabricia Tolotti<\/strong><\/span><\/p>\n<p><span style=\"font-size: 12pt;font-family: tahoma, arial, helvetica, sans-serif\">T\u00edtulo: &#8220;Estudo da atividade fotocatal\u00edtica de filtros inorg\u00e2nicos: desenvolvimento de protetor solar&#8221;<\/span><\/p>\n<p><span style=\"font-size: 12pt;font-family: tahoma, arial, helvetica, sans-serif\">ano: 2012<\/span><\/p>\n<p><span style=\"font-family: tahoma, arial, helvetica, sans-serif;font-size: 12pt\"><strong>nome:\u00a0M\u00e1rcio Daldin Teodoro<\/strong><\/span><\/p>\n<p><span style=\"font-family: tahoma, arial, helvetica, sans-serif;font-size: 12pt\">T\u00edtulo: &#8220;Propriedades \u00d3pticas de Po\u00e7os Qu\u00e2nticos AlGaAs\/GaAs em Diferentes Orienta\u00e7\u00f5es&#8221;<\/span><\/p>\n<p><span style=\"font-family: tahoma, arial, helvetica, sans-serif;font-size: 12pt\">ano: 2008<\/span><\/p>\n","protected":false},"excerpt":{"rendered":"<p>nome: Catharine Stimer T\u00edtulo: &#8220;S\u00edntese e Caracteriza\u00e7\u00e3o de \u00f3xido de Ferro e Bismuto e Titanato de Chumbo dopado com \u00edons de La3+&#8220; ano: 2018 nome:\u00a0Ezequiel Jos\u00e9 Novacoski T\u00edtulo: &#8220;Avalia\u00e7\u00e3o de solos da regi\u00e3o centro-oeste do Paran\u00e1\/Brasil: um estudo espectrosc\u00f3pico e multivariado&#8221; ano: 2016 nome:\u00a0Rafael Feliczak T\u00edtulo: &#8220;Propriedades din\u00e2micas do g\u00e1s de Lorentz peri\u00f3dico: Coeficientes de [&hellip;]<\/p>\n","protected":false},"author":5,"featured_media":0,"parent":67,"menu_order":2,"comment_status":"closed","ping_status":"closed","template":"","meta":{"_monsterinsights_skip_tracking":false,"_monsterinsights_sitenote_active":false,"_monsterinsights_sitenote_note":"","_monsterinsights_sitenote_category":0,"footnotes":""},"class_list":["post-69","page","type-page","status-publish","hentry"],"_links":{"self":[{"href":"https:\/\/sites.unicentro.br\/professores\/pedrogonzalez\/wp-json\/wp\/v2\/pages\/69","targetHints":{"allow":["GET"]}}],"collection":[{"href":"https:\/\/sites.unicentro.br\/professores\/pedrogonzalez\/wp-json\/wp\/v2\/pages"}],"about":[{"href":"https:\/\/sites.unicentro.br\/professores\/pedrogonzalez\/wp-json\/wp\/v2\/types\/page"}],"author":[{"embeddable":true,"href":"https:\/\/sites.unicentro.br\/professores\/pedrogonzalez\/wp-json\/wp\/v2\/users\/5"}],"replies":[{"embeddable":true,"href":"https:\/\/sites.unicentro.br\/professores\/pedrogonzalez\/wp-json\/wp\/v2\/comments?post=69"}],"version-history":[{"count":1,"href":"https:\/\/sites.unicentro.br\/professores\/pedrogonzalez\/wp-json\/wp\/v2\/pages\/69\/revisions"}],"predecessor-version":[{"id":1446,"href":"https:\/\/sites.unicentro.br\/professores\/pedrogonzalez\/wp-json\/wp\/v2\/pages\/69\/revisions\/1446"}],"up":[{"embeddable":true,"href":"https:\/\/sites.unicentro.br\/professores\/pedrogonzalez\/wp-json\/wp\/v2\/pages\/67"}],"wp:attachment":[{"href":"https:\/\/sites.unicentro.br\/professores\/pedrogonzalez\/wp-json\/wp\/v2\/media?parent=69"}],"curies":[{"name":"wp","href":"https:\/\/api.w.org\/{rel}","templated":true}]}}