{"id":73,"date":"2017-01-07T00:00:00","date_gmt":"2017-01-07T02:00:00","guid":{"rendered":"https:\/\/sites.unicentro.br\/professores\/pedrogonzalez\/orientacoes\/tcc\/2005-2010\/"},"modified":"2017-01-07T00:00:00","modified_gmt":"2017-01-07T02:00:00","slug":"2005-2010","status":"publish","type":"page","link":"https:\/\/sites.unicentro.br\/professores\/pedrogonzalez\/orientacoes\/tcc\/2005-2010\/","title":{"rendered":"2005 &#8211; 2010"},"content":{"rendered":"<p><span style=\"font-family: tahoma, arial, helvetica, sans-serif;font-size: 12pt\"><strong>nome:\u00a0Ederson Pauletti<\/strong><\/span><\/p>\n<p><span style=\"font-family: tahoma, arial, helvetica, sans-serif;font-size: 12pt\">T\u00edtulo: &#8220;An\u00e1lise Quantitativa do Modelo RG na Espectroscopia Fotoac\u00fastica em S\u00f3lidos&#8221;<\/span><\/p>\n<p><span style=\"font-family: tahoma, arial, helvetica, sans-serif;font-size: 12pt\">ano: 2010<\/span><\/p>\n<p><span style=\"font-family: tahoma, arial, helvetica, sans-serif;font-size: 12pt\"><strong>nome:\u00a0Vin\u00edcius Mariani Lenart<\/strong><\/span><\/p>\n<p><span style=\"font-family: tahoma, arial, helvetica, sans-serif;font-size: 12pt\">T\u00edtulo: &#8220;Estudo da influ\u00eancia da dire\u00e7\u00e3o dos planos cristalogr\u00e1ficos nas propriedades \u00f3pticas das super-redes semicondutoras&#8221;<\/span><\/p>\n<p><span style=\"font-family: tahoma, arial, helvetica, sans-serif;font-size: 12pt\">ano: 2007<\/span><\/p>\n<p><span style=\"font-size: 12pt;font-family: tahoma, arial, helvetica, sans-serif\"><strong>nome:\u00a0Estela Caon<\/strong><\/span><\/p>\n<p><span style=\"font-size: 12pt;font-family: tahoma, arial, helvetica, sans-serif\">T\u00edtulo: &#8220;Laborat\u00f3rios de F\u00edsica em Escolas da Regi\u00e3o Urbana de Guarapuava&#8221;<\/span><\/p>\n<p><span style=\"font-size: 12pt;font-family: tahoma, arial, helvetica, sans-serif\">ano: 2006<\/span><\/p>\n<p><span style=\"font-size: 12pt;font-family: tahoma, arial, helvetica, sans-serif\"><strong>nome:\u00a0F\u00e1bio Luiz Pessoa Albini<\/strong><\/span><\/p>\n<p><span style=\"font-size: 12pt;font-family: tahoma, arial, helvetica, sans-serif\">T\u00edtulo: &#8220;Desenvolvimento de um website para o ensino da F\u00edsica&#8221;<\/span><\/p>\n<p><span style=\"font-size: 12pt;font-family: tahoma, arial, helvetica, sans-serif\">ano: 2006<\/span><\/p>\n<p><span style=\"font-size: 12pt;font-family: tahoma, arial, helvetica, sans-serif\"><strong>nome:\u00a0Marcio Daldin Teodoro<\/strong><\/span><\/p>\n<p><span style=\"font-size: 12pt;font-family: tahoma, arial, helvetica, sans-serif\">T\u00edtulo: &#8220;Estudo de propriedades \u00f3pticas de super-redes de GaAs\/AlAs utilizando a t\u00e9cnica de fotoluminesc\u00eancia&#8221;<\/span><\/p>\n<p><span style=\"font-size: 12pt;font-family: tahoma, arial, helvetica, sans-serif\">ano: 2005<\/span><\/p>\n<p><span style=\"font-family: tahoma, arial, helvetica, sans-serif;font-size: 12pt\"><strong>nome:\u00a0Ana Lucia Ferreira<\/strong><\/span><\/p>\n<p><span style=\"font-family: tahoma, arial, helvetica, sans-serif;font-size: 12pt\">T\u00edtulo: &#8220;Projetos computacionais no ensino de conceitos f\u00edsicos&#8221;<\/span><\/p>\n<p><span style=\"font-family: tahoma, arial, helvetica, sans-serif;font-size: 12pt\">ano: 2005<\/span><\/p>\n","protected":false},"excerpt":{"rendered":"<p>nome:\u00a0Ederson Pauletti T\u00edtulo: &#8220;An\u00e1lise Quantitativa do Modelo RG na Espectroscopia Fotoac\u00fastica em S\u00f3lidos&#8221; ano: 2010 nome:\u00a0Vin\u00edcius Mariani Lenart T\u00edtulo: &#8220;Estudo da influ\u00eancia da dire\u00e7\u00e3o dos planos cristalogr\u00e1ficos nas propriedades \u00f3pticas das super-redes semicondutoras&#8221; ano: 2007 nome:\u00a0Estela Caon T\u00edtulo: &#8220;Laborat\u00f3rios de F\u00edsica em Escolas da Regi\u00e3o Urbana de Guarapuava&#8221; ano: 2006 nome:\u00a0F\u00e1bio Luiz Pessoa Albini T\u00edtulo: [&hellip;]<\/p>\n","protected":false},"author":3,"featured_media":0,"parent":71,"menu_order":2,"comment_status":"closed","ping_status":"closed","template":"","meta":{"_monsterinsights_skip_tracking":false,"_monsterinsights_sitenote_active":false,"_monsterinsights_sitenote_note":"","_monsterinsights_sitenote_category":0,"footnotes":""},"class_list":["post-73","page","type-page","status-publish","hentry"],"_links":{"self":[{"href":"https:\/\/sites.unicentro.br\/professores\/pedrogonzalez\/wp-json\/wp\/v2\/pages\/73","targetHints":{"allow":["GET"]}}],"collection":[{"href":"https:\/\/sites.unicentro.br\/professores\/pedrogonzalez\/wp-json\/wp\/v2\/pages"}],"about":[{"href":"https:\/\/sites.unicentro.br\/professores\/pedrogonzalez\/wp-json\/wp\/v2\/types\/page"}],"author":[{"embeddable":true,"href":"https:\/\/sites.unicentro.br\/professores\/pedrogonzalez\/wp-json\/wp\/v2\/users\/3"}],"replies":[{"embeddable":true,"href":"https:\/\/sites.unicentro.br\/professores\/pedrogonzalez\/wp-json\/wp\/v2\/comments?post=73"}],"version-history":[{"count":0,"href":"https:\/\/sites.unicentro.br\/professores\/pedrogonzalez\/wp-json\/wp\/v2\/pages\/73\/revisions"}],"up":[{"embeddable":true,"href":"https:\/\/sites.unicentro.br\/professores\/pedrogonzalez\/wp-json\/wp\/v2\/pages\/71"}],"wp:attachment":[{"href":"https:\/\/sites.unicentro.br\/professores\/pedrogonzalez\/wp-json\/wp\/v2\/media?parent=73"}],"curies":[{"name":"wp","href":"https:\/\/api.w.org\/{rel}","templated":true}]}}