{"id":20,"date":"2012-10-22T12:07:56","date_gmt":"2012-10-22T12:07:56","guid":{"rendered":"http:\/\/sites.unicentro.br\/wp\/denam\/?page_id=20"},"modified":"2012-12-02T17:39:19","modified_gmt":"2012-12-02T17:39:19","slug":"waldir-nagel-schirmer","status":"publish","type":"page","link":"https:\/\/sites.unicentro.br\/wp\/denam\/pagina-exemplo\/waldir-nagel-schirmer\/","title":{"rendered":"Waldir Nagel Schirmer"},"content":{"rendered":"<p><a href=\"http:\/\/sites.unicentro.br\/wp\/denam\/files\/2012\/10\/waldir.jpg\"><img loading=\"lazy\" decoding=\"async\" class=\"alignright  wp-image-37\" src=\"http:\/\/sites.unicentro.br\/wp\/denam\/files\/2012\/10\/waldir-253x300.jpg\" alt=\"\" width=\"211\" height=\"245\" \/><\/a>Engenheiro Qu\u00edmico pela Universidade Federal de Santa Catarina \u2013 UFSC<\/p>\n<p>Mestre em Engenharia Ambiental pela Universidade Federal de Santa Catarina \u2013 UFSC<\/p>\n<p>Doutor em Engenharia Ambiental pela Universidade Federal de Santa Catarina \u2013 UFSC<\/p>\n<p>&nbsp;<\/p>\n<p><strong>Linhas de atua\u00e7\u00e3o<\/strong>:\u00a0Gest\u00e3o da polui\u00e7\u00e3o atmosf\u00e9rica (amostragem, an\u00e1lise e tratamento), Compostos org\u00e2nicos vol\u00e1teis (COV), Odores \/ Olfatometria (an\u00e1lise de compostos odorantes), Bioenergia \/ biocombust\u00edveis (biog\u00e1s, biodiesel, etanol), Qu\u00edmica Ambiental.<\/p>\n<p><strong>Disciplinas que ministra na gradua\u00e7\u00e3o (Engenharia Ambiental)<\/strong>:\u00a0\u00a0 Monitoramento Ambiental, Polui\u00e7\u00e3o Ambiental, Ventila\u00e7\u00e3o Industrial, Gest\u00e3o da Polui\u00e7\u00e3o nos Processos Industriais<\/p>\n<p><strong>Disciplinas que ministra na p\u00f3s-gradua\u00e7\u00e3o (Mestrado em Bioenergia):<\/strong> Energia e Bioenergia, Aspectos e Impactos Ambientais<\/p>\n<p><strong>Link para o Lattes<\/strong>: <a href=\"http:\/\/lattes.cnpq.br\/1209937575998431\">Curr\u00edculo Lattes<\/a><\/p>\n<p>&nbsp;<\/p>\n","protected":false},"excerpt":{"rendered":"<p>Engenheiro Qu\u00edmico pela Universidade Federal de Santa Catarina \u2013 UFSC Mestre em Engenharia Ambiental pela Universidade Federal de Santa Catarina \u2013 UFSC Doutor em Engenharia Ambiental pela Universidade Federal de Santa Catarina \u2013 UFSC &nbsp; Linhas de atua\u00e7\u00e3o:\u00a0Gest\u00e3o da polui\u00e7\u00e3o &hellip; <a href=\"https:\/\/sites.unicentro.br\/wp\/denam\/pagina-exemplo\/waldir-nagel-schirmer\/\">Continue lendo <span class=\"meta-nav\">&rarr;<\/span><\/a><\/p>\n","protected":false},"author":51,"featured_media":0,"parent":2,"menu_order":0,"comment_status":"closed","ping_status":"closed","template":"","meta":{"_exactmetrics_skip_tracking":false,"_exactmetrics_sitenote_active":false,"_exactmetrics_sitenote_note":"","_exactmetrics_sitenote_category":0,"footnotes":""},"class_list":["post-20","page","type-page","status-publish","hentry"],"_links":{"self":[{"href":"https:\/\/sites.unicentro.br\/wp\/denam\/wp-json\/wp\/v2\/pages\/20","targetHints":{"allow":["GET"]}}],"collection":[{"href":"https:\/\/sites.unicentro.br\/wp\/denam\/wp-json\/wp\/v2\/pages"}],"about":[{"href":"https:\/\/sites.unicentro.br\/wp\/denam\/wp-json\/wp\/v2\/types\/page"}],"author":[{"embeddable":true,"href":"https:\/\/sites.unicentro.br\/wp\/denam\/wp-json\/wp\/v2\/users\/51"}],"replies":[{"embeddable":true,"href":"https:\/\/sites.unicentro.br\/wp\/denam\/wp-json\/wp\/v2\/comments?post=20"}],"version-history":[{"count":12,"href":"https:\/\/sites.unicentro.br\/wp\/denam\/wp-json\/wp\/v2\/pages\/20\/revisions"}],"predecessor-version":[{"id":293,"href":"https:\/\/sites.unicentro.br\/wp\/denam\/wp-json\/wp\/v2\/pages\/20\/revisions\/293"}],"up":[{"embeddable":true,"href":"https:\/\/sites.unicentro.br\/wp\/denam\/wp-json\/wp\/v2\/pages\/2"}],"wp:attachment":[{"href":"https:\/\/sites.unicentro.br\/wp\/denam\/wp-json\/wp\/v2\/media?parent=20"}],"curies":[{"name":"wp","href":"https:\/\/api.w.org\/{rel}","templated":true}]}}