{"id":12523,"date":"2012-11-20T12:34:24","date_gmt":"2012-11-20T14:34:24","guid":{"rendered":"http:\/\/sites.unicentro.br\/wp\/manejoflorestal\/?page_id=12523"},"modified":"2016-11-12T10:58:32","modified_gmt":"2016-11-12T12:58:32","slug":"12523-2","status":"publish","type":"page","link":"https:\/\/sites.unicentro.br\/wp\/manejoflorestal\/12523-2\/","title":{"rendered":"Rollinia mucosa (Jacq.) Baill. Fruta-do-conde,birib\u00e1"},"content":{"rendered":"<p><a href=\"http:\/\/sites.unicentro.br\/wp\/manejoflorestal\/files\/2012\/11\/Biriba-1.jpg\"><img loading=\"lazy\" decoding=\"async\" class=\"alignleft size-full wp-image-27723\" src=\"http:\/\/sites.unicentro.br\/wp\/manejoflorestal\/files\/2012\/11\/Biriba-1.jpg\" alt=\"Biriba-1\" width=\"1280\" height=\"712\" srcset=\"https:\/\/sites.unicentro.br\/wp\/manejoflorestal\/files\/2012\/11\/Biriba-1.jpg 800w, https:\/\/sites.unicentro.br\/wp\/manejoflorestal\/files\/2012\/11\/Biriba-1-300x167.jpg 300w, https:\/\/sites.unicentro.br\/wp\/manejoflorestal\/files\/2012\/11\/Biriba-1-1024x570.jpg 1024w, https:\/\/sites.unicentro.br\/wp\/manejoflorestal\/files\/2012\/11\/Biriba-1-500x278.jpg 500w\" sizes=\"auto, (max-width: 1280px) 100vw, 1280px\" \/><\/a><\/p>\n<p><span style=\"color: #000000\"><strong>Foto &#8211;<\/strong>\u00a0Detalhe das folhas.<\/span><a href=\"http:\/\/sites.unicentro.br\/wp\/manejoflorestal\/files\/2012\/11\/Biriba-2.jpg\"><img loading=\"lazy\" decoding=\"async\" class=\"size-full wp-image-27724 aligncenter\" src=\"http:\/\/sites.unicentro.br\/wp\/manejoflorestal\/files\/2012\/11\/Biriba-2.jpg\" alt=\"Biriba-2\" width=\"1280\" height=\"721\" srcset=\"https:\/\/sites.unicentro.br\/wp\/manejoflorestal\/files\/2012\/11\/Biriba-2.jpg 800w, https:\/\/sites.unicentro.br\/wp\/manejoflorestal\/files\/2012\/11\/Biriba-2-300x169.jpg 300w, https:\/\/sites.unicentro.br\/wp\/manejoflorestal\/files\/2012\/11\/Biriba-2-1024x577.jpg 1024w, https:\/\/sites.unicentro.br\/wp\/manejoflorestal\/files\/2012\/11\/Biriba-2-500x282.jpg 500w\" sizes=\"auto, (max-width: 1280px) 100vw, 1280px\" \/><\/a><\/p>\n<p><strong>Foto 2- <\/strong>Detalhes do fruto.<\/p>\n<p><a href=\"http:\/\/sites.unicentro.br\/wp\/manejoflorestal\/files\/2012\/11\/Biriba-4.jpg\"><img loading=\"lazy\" decoding=\"async\" class=\"size-full wp-image-27726 aligncenter\" src=\"http:\/\/sites.unicentro.br\/wp\/manejoflorestal\/files\/2012\/11\/Biriba-4.jpg\" alt=\"Biriba-4\" width=\"594\" height=\"1047\" srcset=\"https:\/\/sites.unicentro.br\/wp\/manejoflorestal\/files\/2012\/11\/Biriba-4.jpg 340w, https:\/\/sites.unicentro.br\/wp\/manejoflorestal\/files\/2012\/11\/Biriba-4-170x300.jpg 170w, https:\/\/sites.unicentro.br\/wp\/manejoflorestal\/files\/2012\/11\/Biriba-4-581x1024.jpg 581w\" sizes=\"auto, (max-width: 594px) 100vw, 594px\" \/><\/a><\/p>\n<p>Foto 3-\u00a0Detalhe do tronco.<\/p>\n<p><span style=\"color: #008000\"><strong>Fam\u00edlia:<\/strong><\/span> Annonaceae.<\/p>\n<p><span style=\"color: #008000\"><strong>Nome cient\u00edfico:\u00a0<\/strong><\/span><em>Rollinia mucosa<\/em> (Jacq.) Baill.<\/p>\n<p><span style=\"color: #008000\"><strong>Sinon\u00edmia bot\u00e2nica:\u00a0<\/strong><\/span><em>Annona mucosa<\/em> Jacq.<\/p>\n<p><span style=\"color: #008000\"><strong>Nomes populares:<\/strong><\/span>\u00a0fruta-do-conde, birib\u00e1<\/p>\n<p style=\"text-align: justify\">\u00a0Frut\u00edfera cultivada na Amaz\u00f4nia, nativa na Floresta Amaz\u00f4nica. Sua altura atinge at\u00e9 20 m. Frutos sincarpo bac\u00e1ceo.<\/p>\n<p style=\"text-align: justify\">Os frutos s\u00e3o consumidos in natura muito comum na regi\u00e3o amaz\u00f4nica.<\/p>\n<p style=\"text-align: justify\"><span style=\"color: #008000\"><strong>Poliniza\u00e7\u00e3o<\/strong><\/span>:\u00a0cruzada ou al\u00f3gamas.<\/p>\n<p style=\"text-align: justify\"><span style=\"color: #008000\"><strong>Dispers\u00e3o<\/strong><\/span>: morcegos, aves, mam\u00edferos e tartarugas.<\/p>\n<p><span style=\"color: #008000\"><strong>Bibliografia consultada<\/strong><\/span><\/p>\n<p style=\"text-align: justify\">LORENZI, H.<strong>\u00a0Frutas brasileiras e ex\u00f3ticas cultivadas: <\/strong>(de consumo in natura).\u00a0\u00a0S\u00e3o Paulo: Instituto Plantarum de Estudos da Flora, 2006. 640 p.<\/p>\n","protected":false},"excerpt":{"rendered":"<p>Foto &#8211;\u00a0Detalhe das folhas. Foto 2- Detalhes do fruto. Foto 3-\u00a0Detalhe do tronco. Fam\u00edlia: Annonaceae. Nome cient\u00edfico:\u00a0Rollinia mucosa (Jacq.) Baill. Sinon\u00edmia bot\u00e2nica:\u00a0Annona mucosa Jacq. Nomes populares:\u00a0fruta-do-conde, birib\u00e1 \u00a0Frut\u00edfera cultivada na Amaz\u00f4nia, nativa na Floresta Amaz\u00f4nica. Sua altura atinge at\u00e9 20 &hellip; <a href=\"https:\/\/sites.unicentro.br\/wp\/manejoflorestal\/12523-2\/\">Continue lendo <span class=\"meta-nav\">&rarr;<\/span><\/a><\/p>\n","protected":false},"author":25,"featured_media":0,"parent":0,"menu_order":0,"comment_status":"open","ping_status":"open","template":"","meta":{"_exactmetrics_skip_tracking":false,"_exactmetrics_sitenote_active":false,"_exactmetrics_sitenote_note":"","_exactmetrics_sitenote_category":0,"footnotes":""},"class_list":["post-12523","page","type-page","status-publish","hentry"],"_links":{"self":[{"href":"https:\/\/sites.unicentro.br\/wp\/manejoflorestal\/wp-json\/wp\/v2\/pages\/12523","targetHints":{"allow":["GET"]}}],"collection":[{"href":"https:\/\/sites.unicentro.br\/wp\/manejoflorestal\/wp-json\/wp\/v2\/pages"}],"about":[{"href":"https:\/\/sites.unicentro.br\/wp\/manejoflorestal\/wp-json\/wp\/v2\/types\/page"}],"author":[{"embeddable":true,"href":"https:\/\/sites.unicentro.br\/wp\/manejoflorestal\/wp-json\/wp\/v2\/users\/25"}],"replies":[{"embeddable":true,"href":"https:\/\/sites.unicentro.br\/wp\/manejoflorestal\/wp-json\/wp\/v2\/comments?post=12523"}],"version-history":[{"count":19,"href":"https:\/\/sites.unicentro.br\/wp\/manejoflorestal\/wp-json\/wp\/v2\/pages\/12523\/revisions"}],"predecessor-version":[{"id":32169,"href":"https:\/\/sites.unicentro.br\/wp\/manejoflorestal\/wp-json\/wp\/v2\/pages\/12523\/revisions\/32169"}],"wp:attachment":[{"href":"https:\/\/sites.unicentro.br\/wp\/manejoflorestal\/wp-json\/wp\/v2\/media?parent=12523"}],"curies":[{"name":"wp","href":"https:\/\/api.w.org\/{rel}","templated":true}]}}