{"id":1141,"date":"2015-08-12T14:01:49","date_gmt":"2015-08-12T17:01:49","guid":{"rendered":"http:\/\/sites.unicentro.br\/wp\/petfisica\/?page_id=1141"},"modified":"2018-02-21T18:25:32","modified_gmt":"2018-02-21T21:25:32","slug":"2014-2","status":"publish","type":"page","link":"https:\/\/sites.unicentro.br\/wp\/petfisica\/atividades\/extensao\/2014-2\/","title":{"rendered":"2014"},"content":{"rendered":"<p>&nbsp;<\/p>\n<p><strong>Oficina de mitos da f\u00edsica<\/strong><\/p>\n<p>Apresentada durante a XII Semana de Estudos de F\u00edsica da UNICENTRO<\/p>\n<p>Resumo: Nesta oficina foram apresentados conceitos b\u00e1sicos associados \u00e0 diversos fen\u00f4menos de f\u00edsica geral e f\u00edsica moderno, cujo p\u00fablico alvo concentrou-se em professores atuantes no ensino fundamental e m\u00e9dio. Foram entregues roteiros aos participantes para montagem e realiza\u00e7\u00e3o dos experimentos propostos.<\/p>\n<p>Participantes: 30 pessoas, em sua maioria professores da rede p\u00fablica de ensino (professores de F\u00edsica e de Ci\u00eancias)<\/p>\n<p><strong>&nbsp;<\/strong><\/p>\n<p><strong>Feira das profiss\u00f5es 2014<\/strong><\/p>\n<p>Dia 19\/09 de 2014, Gin\u00e1sio de esportes do campus cedeteg.<\/p>\n<p>Resumo: Nesta feira a Unicentro divulga seus cursos de gradua\u00e7\u00e3o para a comunidade em geral, visando atrair e motivar os estudantes de ensino m\u00e9dio a cursar a Universidade. S\u00e3o montados estandes de cada curso. O PET- F\u00edsica foi respons\u00e1vel pelo estande do Curso de F\u00edsica.<\/p>\n<p>Participantes: Passaram pelo estande em torno de 1300 pessoas.<\/p>\n<p><strong>Visita do col\u00e9gio Estadual Olavo Bilac do munic\u00edpio de Cantagalo<\/strong><\/p>\n<p>Respons\u00e1vel: Prof. Ivonete Belinski<\/p>\n<p>Visita realizada em 30\/09\/2014. Os participantes foram divididos em grupos e abordados 4 temas diferentes experimentos demosntrativos.<\/p>\n<p>Participantes: Total de 38 pessoas entre alunos das 3 s\u00e9ries do ensino m\u00e9dio + 2 professores.<\/p>\n<p><strong>Atividade solid\u00e1ria com as crian\u00e7as da Casa lar de Guarapuava<\/strong><\/p>\n<p>No dia 04\/10\/2014 os petianos Paulo e Ala\u00edne participaram da recep\u00e7\u00e3o das crian\u00e7as da Casa lar de Guarapuava. Esta intitui\u00e7\u00e3o cuida de orf\u00e3os. Em fun\u00e7\u00e3o do dia das crian\u00e7as o PET Qu\u00edmica se mobilizou para fazer uma apresenta\u00e7\u00e3o de experimentos com as crian\u00e7as e convidou o PET F\u00edsica, que atendeu prontamente.<\/p>\n<p>Foram apresentadas m\u00e1gicas e experimentos de f\u00edsica.<\/p>\n<p><strong>Semana Nacional de Ci\u00eancia e Tecnologia<\/strong><\/p>\n<p>Evento anual realizado na Unicentro que neste ano tem como tema \u201cCi\u00eancia e Tecnologia para o Desenvolvimento Social\u201d. As discuss\u00f5es sobre a tem\u00e1tica s\u00e3o uma oportunidade para vincular a produ\u00e7\u00e3o cient\u00edfica aos desafios enfrentados pela sociedade. Por isso, de acordo com o diretor da Novatec, Paulo Rog\u00e9rio Pinto, o principal objetivo da semana \u00e9 divulgar a ci\u00eancia e mostrar como ela pode ser aplicada socialmente e ao ensino.<\/p>\n<p>O Grupo PET F\u00edsica participou apresentando experimentos relacionados com a luz e suas implica\u00e7\u00f5es tecnol\u00f3gicas.<\/p>\n<p>Participantes: em torno de 600 estudantes da rede publica e privada de Guarapuava e regi\u00e3o.<\/p>\n<p><strong>&nbsp;<\/strong><\/p>\n<p><strong>I Feira da Ci\u00eancia, Trabalho, Tecnologia e Cultura da Unicentro.<\/strong><\/p>\n<p>Resumo: Visita de diversos alunos da rede publica de ensino durante a I Feira da Ci\u00eancia, Trabalho, Tecnologia e Cultura da Unicentro realizada no dia 21\/11\/2014. Nesta oportunidade foram apresentados experimentos com equipamentos de baixo custo e experimentos de demonstra\u00e7\u00e3o.<\/p>\n<p>Participantes: Total de 40 pessoas entre alunos do ensino fundamental e m\u00e9dio + 4 professores de ci\u00eancias.<\/p>\n<p>&nbsp;<\/p>\n<!-- AddThis Advanced Settings generic via filter on the_content --><!-- AddThis Share Buttons generic via filter on the_content -->","protected":false},"excerpt":{"rendered":"<p>&nbsp; Oficina de mitos da f\u00edsica Apresentada durante a XII Semana de Estudos de F\u00edsica da UNICENTRO Resumo: Nesta oficina foram apresentados conceitos b\u00e1sicos associados \u00e0 diversos fen\u00f4menos de f\u00edsica geral e f\u00edsica moderno, cujo p\u00fablico alvo concentrou-se em professores &hellip; <a class=\"more-link\" href=\"https:\/\/sites.unicentro.br\/wp\/petfisica\/atividades\/extensao\/2014-2\/\">Continuar lendo <span class=\"meta-nav\">&rarr;<\/span><\/a><!-- AddThis Advanced Settings generic via filter on wp_trim_excerpt --><!-- AddThis Share Buttons generic via filter on wp_trim_excerpt --><\/p>\n","protected":false},"author":16,"featured_media":0,"parent":1148,"menu_order":6,"comment_status":"open","ping_status":"open","template":"","meta":{"_exactmetrics_skip_tracking":false,"_exactmetrics_sitenote_active":false,"_exactmetrics_sitenote_note":"","_exactmetrics_sitenote_category":0,"ngg_post_thumbnail":0,"footnotes":""},"class_list":["post-1141","page","type-page","status-publish","hentry"],"_links":{"self":[{"href":"https:\/\/sites.unicentro.br\/wp\/petfisica\/wp-json\/wp\/v2\/pages\/1141","targetHints":{"allow":["GET"]}}],"collection":[{"href":"https:\/\/sites.unicentro.br\/wp\/petfisica\/wp-json\/wp\/v2\/pages"}],"about":[{"href":"https:\/\/sites.unicentro.br\/wp\/petfisica\/wp-json\/wp\/v2\/types\/page"}],"author":[{"embeddable":true,"href":"https:\/\/sites.unicentro.br\/wp\/petfisica\/wp-json\/wp\/v2\/users\/16"}],"replies":[{"embeddable":true,"href":"https:\/\/sites.unicentro.br\/wp\/petfisica\/wp-json\/wp\/v2\/comments?post=1141"}],"version-history":[{"count":5,"href":"https:\/\/sites.unicentro.br\/wp\/petfisica\/wp-json\/wp\/v2\/pages\/1141\/revisions"}],"predecessor-version":[{"id":3881,"href":"https:\/\/sites.unicentro.br\/wp\/petfisica\/wp-json\/wp\/v2\/pages\/1141\/revisions\/3881"}],"up":[{"embeddable":true,"href":"https:\/\/sites.unicentro.br\/wp\/petfisica\/wp-json\/wp\/v2\/pages\/1148"}],"wp:attachment":[{"href":"https:\/\/sites.unicentro.br\/wp\/petfisica\/wp-json\/wp\/v2\/media?parent=1141"}],"curies":[{"name":"wp","href":"https:\/\/api.w.org\/{rel}","templated":true}]}}