{"id":2,"date":"2012-11-26T11:27:15","date_gmt":"2012-11-26T11:27:15","guid":{"rendered":"http:\/\/sites.unicentro.br\/wp\/ppg-quimica\/?page_id=2"},"modified":"2014-09-23T14:01:49","modified_gmt":"2014-09-23T14:01:49","slug":"pagina-exemplo","status":"publish","type":"page","link":"https:\/\/sites.unicentro.br\/wp\/ppg-quimica\/","title":{"rendered":"NOT\u00cdCIAS: NORMAS E PROCEDIMENTOS DE SELE\u00c7\u00c3O NO PROGRAMA DE DOUTORADO ASSOCIADO EM QU\u00cdMICA &#8211; INGRESSO NO 1\u00ba SEMESTRE DE 2015"},"content":{"rendered":"<address style=\"text-align: center\">\n<address>\n<p class=\"western\" align=\"CENTER\"><span style=\"font-family: Arial, sans-serif\"><span style=\"font-size: large\"><b>EDITAL N<\/b><\/span><\/span><sup><span style=\"font-family: Arial, sans-serif\"><span style=\"font-size: large\"><span style=\"text-decoration: underline\"><b>o<\/b><\/span><\/span><\/span><\/sup><span style=\"font-family: Arial, sans-serif\"><span style=\"font-size: large\"><b> \/2014- PPGQ\/UNICENTRO<\/b><\/span><\/span><\/p>\n<p class=\"western\" align=\"CENTER\"><span style=\"color: #000000\"><span style=\"font-family: Arial, sans-serif\"><span style=\"font-size: large\">ESTABELECE NORMAS E PROCEDIMENTOS DE SELE\u00c7\u00c3O NO PROGRAMA DE DOUTORADO ASSOCIADO EM QU\u00cdMICA &#8211; INGRESSO NO 1\u00ba SEMESTRE DE 2015.<\/span><\/span><\/span><\/p>\n<p class=\"western\" align=\"CENTER\"><a href=\"http:\/\/sites.unicentro.br\/wp\/ppg-quimica\/files\/2012\/11\/edital-05-2014-para-habilita\u00e7\u00e3o-2015.pdf\">edital 05-2014 para habilita\u00e7\u00e3o 2015<\/a><\/p>\n<p class=\"western\" align=\"CENTER\">==============================================================<\/p>\n<p align=\"CENTER\">ABERTURA DE INSCRI\u00c7\u00d5ES PARA INGRESSO NO DOUTORADO EM QU\u00cdMICA<\/p>\n<p align=\"CENTER\"><a href=\"http:\/\/sites.unicentro.br\/wp\/ppg-quimica\/files\/2012\/11\/Edital_sele\u00e7\u00e3o_Doutorado-2014.pdf\">Edital_sele\u00e7\u00e3o_Doutorado-2014<\/a><\/p>\n<p align=\"CENTER\">==============================================================<\/p>\n<p align=\"CENTER\"><a href=\"http:\/\/sites.unicentro.br\/wp\/ppg-quimica\/files\/2012\/11\/ABERTURA-DE-INSCRI\u00c7\u00d5ES-PARA-INGRESSO-NO-MESTRADO-EM-QU\u00cdMICA-APLICADA-TURMA-2014.doc\">ABERTURA DE INSCRI\u00c7\u00d5ES PARA INGRESSO NO MESTRADO EM QU\u00cdMICA APLICADA &#8211; TURMA 2014<\/a><\/p>\n<p align=\"CENTER\">================================================================<\/p>\n<p align=\"CENTER\"><a href=\"http:\/\/sites.unicentro.br\/wp\/ppg-quimica\/files\/2012\/11\/Edital-para-sele\u00e7\u00e3o-de-recem-doutores-PNPD.pdf\">Edital para sele\u00e7\u00e3o de recem doutores PNPD<\/a><\/p>\n<p align=\"CENTER\">&#8212;&#8212;&#8212;&#8212;&#8212;&#8212;&#8212;&#8212;&#8212;&#8212;&#8212;&#8212;&#8212;&#8212;&#8212;&#8212;&#8212;&#8212;&#8212;&#8212;&#8212;&#8212;&#8212;&#8212;&#8212;&#8212;&#8212;&#8212;&#8212;&#8212;<\/p>\n<p align=\"CENTER\"><a href=\"http:\/\/sites.unicentro.br\/wp\/ppg-quimica\/files\/2012\/12\/Instru\u00e7\u00e3o-Normativa_DOQAS_02-2013-para-defesa-da-tese.doc\">Instru\u00e7\u00e3o Normativa_DOQAS_02-2013 para defesa da tese<\/a><\/p>\n<p align=\"CENTER\"><span style=\"font-size: 12px\">&#8212;&#8212;&#8212;&#8212;&#8212;&#8212;&#8212;&#8212;&#8212;&#8212;&#8212;&#8212;&#8212;&#8212;&#8212;&#8212;&#8212;&#8212;&#8212;&#8212;&#8212;&#8212;&#8212;&#8212;&#8212;&#8212;&#8212;&#8212;&#8212;&#8212;&#8212;&#8212;&#8212;&#8212;&#8212;&#8212;&#8212;&#8212;&#8212;&#8212;&#8212;&#8212;&#8212;&#8212;&#8212;&#8212;&#8212;&#8212;&#8212;&#8212;&#8212;&#8211;<\/span><\/p>\n<\/address>\n<address>RESULTADO DA PROVA PARA CLASSIFICA\u00c7\u00c3O DE BOLSAS DE DOUTORADO<\/address>\n<address>\u00a0<a href=\"http:\/\/sites.unicentro.br\/wp\/ppg-quimica\/files\/2012\/11\/Edital_002_2013_classifica\u00e7\u00e3o-de-bolsas.doc\">Edital_002_2013_classifica\u00e7\u00e3o de bolsas<\/a><\/address>\n<\/address>\n<p style=\"text-align: center\"><span style=\"text-decoration: underline\">PROVA PARA CLASSIFICA\u00c7\u00c3O DE BOLSAS &#8211; DOUTORADO<\/span><\/p>\n<p style=\"text-align: center\" align=\"JUSTIFY\"><span style=\"font-family: Verdana, sans-serif\"><span style=\"font-size: small\">A prova ocorrer\u00e1 no dia 07 mar\u00e7o de 2013, no per\u00edodo das 13:30 \u00e0s 17:30 h, <\/span><\/span><\/p>\n<p style=\"text-align: center\" align=\"JUSTIFY\"><span style=\"font-family: Verdana, sans-serif\"><span style=\"font-size: small\">na sala 01 da P\u00f3s-Gradua\u00e7\u00e3o em Qu\u00edmica, Cedeteg.\u00a0<\/span><\/span><\/p>\n<p style=\"text-align: center\"><strong>\u00a0<\/strong><\/p>\n<p style=\"text-align: center\">Altera\u00e7\u00f5es no hor\u00e1rio das disciplinas do doutorado:\u00a0<a href=\"http:\/\/sites.unicentro.br\/wp\/ppg-quimica\/files\/2012\/11\/hor\u00e1rios-20132.doc\">hor\u00e1rios 2013<\/a><\/p>\n<p style=\"text-align: center\">Resultado da sele\u00e7\u00e3o de doutorado 2013:\u00a0<a href=\"http:\/\/sites.unicentro.br\/wp\/ppg-quimica\/files\/2012\/11\/Edital_001_2013_sele\u00e7\u00e3o_Doutorado.doc\">Edital_001_2013_sele\u00e7\u00e3o_Doutorado<\/a><\/p>\n<p style=\"text-align: center\">Resultado final da segunda sele\u00e7\u00e3o de mestrado 2013:\u00a0<a href=\"http:\/\/sites.unicentro.br\/wp\/ppg-quimica\/files\/2012\/11\/Edital_04_2012Classifica\u00e7\u00e3o2.doc\">Edital_04_2012Classifica\u00e7\u00e3o<\/a><\/p>\n<p style=\"text-align: center\"><a href=\"http:\/\/sites.unicentro.br\/wp\/ppg-quimica\/files\/2012\/11\/ENTREVISTA-PARA-SELE\u00c7\u00c3O-DO-DOUTORADO-EM-QU\u00cdMICA.doc\">ENTREVISTA PARA SELE\u00c7\u00c3O DO DOUTORADO EM QU\u00cdMICA<\/a><\/p>\n<p style=\"text-align: center\">REMATR\u00cdCULA DOS ALUNOS DE MESTRADO E DOUTORADO: DIAS 18 E 19 DE FEVEREIRO (<strong>todos os alunos devem entregar c\u00f3pia do curr\u00edculo Lattes atualizado no ato da matr\u00edcula<\/strong>)<\/p>\n<p style=\"text-align: center\"><strong>Sele\u00e7\u00e3o Doutorado 2013 = Inscri\u00e7\u00f5es prorrogadas at\u00e9 06 de fevereiro de 2013.\u00a0<\/strong><\/p>\n<p><strong>Matr\u00edculas dos cursos de mestrado e doutorado: 18 e 19 \u00a0de FEVEREIRO DE 2013<\/strong>. (os doutorandos devem entregar relat\u00f3rio anual de atividades no ato da matr\u00edcula)<\/p>\n<p style=\"text-align: center\"><span style=\"line-height: 24px;text-decoration: underline\">Novo Edital para vagas remanescentes do mestrado:\u00a0<\/span><strong style=\"line-height: 24px\"><a href=\"http:\/\/sites.unicentro.br\/wp\/ppg-quimica\/pagina-exemplo\/edital_003_2012_quimica_completo\/\" rel=\"attachment wp-att-163\">edital_003_2012_Quimica_completo<\/a><\/strong><strong><br \/>\n<\/strong><\/p>\n<p style=\"text-align: center\"><a href=\"http:\/\/sites.unicentro.br\/wp\/ppg-quimica\/pagina-exemplo\/fichainscricao\/\" rel=\"attachment wp-att-171\">FichaInscri\u00e7\u00e3o<\/a><\/p>\n<p><strong>Processo seletivo doutorado 2013 &#8211;\u00a0<\/strong><a href=\"http:\/\/sites.unicentro.br\/wp\/ppg-quimica\/files\/2012\/11\/Edital_005_2012_sele\u00e7\u00e3o_Doutorado-2013.doc\">Edital_005_2012_sele\u00e7\u00e3o_Doutorado 2013<\/a><\/p>\n<p style=\"text-align: center\"><strong><a href=\"http:\/\/sites.unicentro.br\/wp\/ppg-quimica\/files\/2012\/11\/Edital_001_2012_Quimica-MESTRADO.pdf\">Edital_001_2012_Quimica MESTRADO<\/a><\/strong><\/p>\n<p style=\"text-align: center\"><span style=\"text-decoration: underline\">Resultado final:<\/span>\u00a0<a href=\"http:\/\/sites.unicentro.br\/wp\/ppg-quimica\/pagina-exemplo\/edital_002_2012classificacao\/\" rel=\"attachment wp-att-160\">Edital_002_2012Classifica\u00e7\u00e3o<\/a><a title=\"Resultado Final\" href=\"edital_002_2012classificacao\" target=\"_blank\" rel=\"attachment wp-att-160\"><br \/>\n<\/a><\/p>\n<p style=\"text-align: center\"><strong><a href=\"http:\/\/sites.unicentro.br\/wp\/ppg-quimica\/pagina-exemplo\/edital_003_2012_quimica_completo\/\" rel=\"attachment wp-att-163\">Edital_003_2012_Quimica_completo<\/a><\/strong><\/p>\n<p style=\"text-align: center\"><strong>\u00a0<\/strong><\/p>\n","protected":false},"excerpt":{"rendered":"<p>EDITAL No \/2014- PPGQ\/UNICENTRO ESTABELECE NORMAS E PROCEDIMENTOS DE SELE\u00c7\u00c3O NO PROGRAMA DE DOUTORADO ASSOCIADO EM QU\u00cdMICA &#8211; INGRESSO NO 1\u00ba SEMESTRE DE 2015. edital 05-2014 para habilita\u00e7\u00e3o 2015 ============================================================== ABERTURA DE INSCRI\u00c7\u00d5ES PARA INGRESSO NO DOUTORADO EM QU\u00cdMICA Edital_sele\u00e7\u00e3o_Doutorado-2014 &hellip; <a href=\"https:\/\/sites.unicentro.br\/wp\/ppg-quimica\/\">Continue lendo <span class=\"meta-nav\">&rarr;<\/span><\/a><\/p>\n","protected":false},"author":55,"featured_media":0,"parent":0,"menu_order":0,"comment_status":"open","ping_status":"open","template":"","meta":{"_exactmetrics_skip_tracking":false,"_exactmetrics_sitenote_active":false,"_exactmetrics_sitenote_note":"","_exactmetrics_sitenote_category":0,"footnotes":""},"class_list":["post-2","page","type-page","status-publish","hentry"],"_links":{"self":[{"href":"https:\/\/sites.unicentro.br\/wp\/ppg-quimica\/wp-json\/wp\/v2\/pages\/2","targetHints":{"allow":["GET"]}}],"collection":[{"href":"https:\/\/sites.unicentro.br\/wp\/ppg-quimica\/wp-json\/wp\/v2\/pages"}],"about":[{"href":"https:\/\/sites.unicentro.br\/wp\/ppg-quimica\/wp-json\/wp\/v2\/types\/page"}],"author":[{"embeddable":true,"href":"https:\/\/sites.unicentro.br\/wp\/ppg-quimica\/wp-json\/wp\/v2\/users\/55"}],"replies":[{"embeddable":true,"href":"https:\/\/sites.unicentro.br\/wp\/ppg-quimica\/wp-json\/wp\/v2\/comments?post=2"}],"version-history":[{"count":83,"href":"https:\/\/sites.unicentro.br\/wp\/ppg-quimica\/wp-json\/wp\/v2\/pages\/2\/revisions"}],"predecessor-version":[{"id":317,"href":"https:\/\/sites.unicentro.br\/wp\/ppg-quimica\/wp-json\/wp\/v2\/pages\/2\/revisions\/317"}],"wp:attachment":[{"href":"https:\/\/sites.unicentro.br\/wp\/ppg-quimica\/wp-json\/wp\/v2\/media?parent=2"}],"curies":[{"name":"wp","href":"https:\/\/api.w.org\/{rel}","templated":true}]}}